pose a = -b*a + l + 150, -4*a + 120 = l. What is the tens digit of a?
3
Let i(a) = -a**2 + 26*a + 744. What is the units digit of i(0)?
4
Let d be (-2 - -6)/(1*2). Let z be 18/4 - d/4. Suppose -2*b = -3*b - z*v + 8, 18 = 4*b + 2*v. What is the units digit of b?
4
Let q(a) = -7*a**3 - 18*a**2 - 17*a + 13. Let p(s) = -6*s**3 - 17*s**2 - 16*s + 14. Let j(u) = -6*p(u) + 5*q(u). What is the tens digit of j(-9)?
2
Suppose 0 = -b + 311 + 76. What is the tens digit of b?
8
What is the units digit of (-6 - (-3563)/(-21))*-3?
7
Suppose 9*h + 7*h - 5824 = 0. What is the tens digit of h?
6
Suppose 2*b + 6*s + 40 = s, -58 = 4*b - s. What is the units digit of 258/(-15)*b/6?
3
Suppose 167625 = 66*i - 115317. What is the hundreds digit of i?
2
Let s(a) = a**3 - 5*a**2 + 2*a + 8. What is the tens digit of s(7)?
2
Let d = -481 - -1569. What is the units digit of d?
8
Suppose f + 5*k + 164 = 577, 0 = -f + 2*k + 413. What is the tens digit of f?
1
Suppose -3*d = d - 8. Suppose v + 87 = 2*h, 2*h + d*h + 5*v = 195. What is the tens digit of h?
4
Suppose -34*w = -41450 + 2588. What is the hundreds digit of w?
1
What is the units digit of (32 + 2089)*((-8)/(-3))/2?
8
Let k(i) = -i**3 - 6*i**2 + 4*i - 16. Suppose 0 = 4*l + 3*p + 23, 3*p - 4*p = 4*l + 29. What is the units digit of k(l)?
0
Suppose 14*o - 4862 = 2586. What is the tens digit of o?
3
Let g(i) = -165*i - 174. What is the tens digit of g(-10)?
7
Suppose 4*o = -8, -3*b - 5*o - 6 - 67 = 0. Let m = -12 - b. Let z = m + 26. What is the units digit of z?
5
Let f = 26 + -39. Let t = f - -159. What is the units digit of t?
6
Let c(m) = -5 - 11*m - 3*m + 1. What is the tens digit of c(-3)?
3
What is the thousands digit of (2 - (-960)/18)/(6/558)?
5
What is the hundreds digit of 614 + -21*(-9)/21?
6
Suppose -3*t = 4*k - 1836, -3*k + 6*t - 5*t = -1364. What is the hundreds digit of k?
4
What is the hundreds digit of 1750/1 + -12 + 11?
7
Let j(m) = -m - 1. Let v be j(-1). Suppose v*q - 4*q - 5*d = -411, -q + 124 = -3*d. What is the tens digit of q?
0
Suppose -3*l - 380 = -23. Let p(f) = 167*f**3 - 2*f**2 - 2*f - 1. Let u be p(-1). Let i = l - u. What is the tens digit of i?
4
Let s = -1503 - -2482. What is the units digit of s?
9
Suppose 2*n = -3*u + 965 + 373, 5*u + 4*n = 2232. What is the tens digit of u?
4
Let k(y) = 7*y + 6. Let c be k(-14). What is the units digit of c/(-10) + 2/(-10)?
9
Let a = -30 - -34. Suppose -8*s + 20 - a = 0. Let i(b) = 17*b**2 - 3*b + 2. What is the tens digit of i(s)?
6
Suppose 7 = 4*h - 13. Suppose q + h*w + 139 = 0, 3*w - w = -8. Let p = q + 179. What is the units digit of p?
0
Let f = 1263 - 1142. What is the tens digit of f?
2
Let z(g) = g**2 - 6*g - 2. Let q(a) = -2*a**2 + 11*a + 5. Let c(t) = -2*q(t) - 5*z(t). Let d be c(7). Suppose 6*u - d*u + 14 = 0. What is the tens digit of u?
1
Suppose 111293 = 8*u + 83*u. What is the thousands digit of u?
1
Suppose 3*l = 7*r - 12*r + 17259, -6902 = -2*r - 2*l. What is the tens digit of r?
5
Let c(z) = 41*z**3 + 6*z**2 + 7*z - 45. What is the tens digit of c(4)?
0
Let k(m) = 2*m**2 - m + 59. What is the tens digit of k(-8)?
9
Let f(c) = 5*c - 45. Let d be f(18). What is the units digit of d - (5 + -2) - 3?
9
Let r(l) = -8*l + 1. Let t(p) = -8*p + 1. Suppose 2*w - 5*w + 9 = 0. Let m(g) = w*t(g) - 2*r(g). What is the tens digit of m(-2)?
1
Let n(z) = 2*z - 26. Let h be n(-20). Let y be (-1 + 7)*(-2)/(-2). What is the units digit of h/(-9) - y/(-9)?
8
Let g(n) = -2*n**3 - 15*n**2 - 6*n - 23. Let h be g(-8). Let q be (-2)/(-1)*13/1. Let u = h - q. What is the tens digit of u?
6
Suppose -5*j + 2813 = 2*r, -4*j = -2*r - 2060 - 176. Suppose -5*q + j = 126. What is the tens digit of q?
8
Let v(k) = 8*k - 28. Let a be v(13). Let z = a + 24. What is the units digit of z?
0
Let w = -68 + 72. Suppose 5*f - 20 = 0, -w*t + 388 = -0*f + 4*f. What is the tens digit of t?
9
Let d = 14 + -7. Let o be 124/d - (-22)/77. Let z = o + 9. What is the units digit of z?
7
Let n = -735 - -1197. What is the tens digit of n?
6
Let m(b) = 3050*b**3 - b**2 + b. What is the units digit of m(1)?
0
Suppose 5*c - 3*l - 6883 = 0, 2*c + 2*l - l - 2762 = 0. What is the thousands digit of c?
1
Suppose 0 = 8*y - 2*y - 1158. Suppose -45 + y = 4*w. What is the tens digit of w?
3
Suppose 7 + 8 = 5*o. What is the tens digit of o - (-1 + -46 - 3)?
5
Suppose -5*d + 31 = -404. Let y = 153 - d. What is the units digit of y?
6
Let x(g) = 2*g - 24. Let b be x(19). Suppose -b = -r + 35. What is the tens digit of r?
4
Suppose -l - 4*o = l - 18, -3*l + 55 = -o. Suppose 18*x = l*x + 209. What is the units digit of x?
9
Let q = -113 + 115. What is the tens digit of (-1)/((-4)/1528*q)?
9
Suppose -135 - 2030 = -5*j. What is the units digit of j?
3
Suppose 0 = -4*f - f + 580. Let l = -81 + f. Let d = -8 + l. What is the tens digit of d?
2
Suppose 4*u - 268 = -m, -5*m + 129 + 1277 = -2*u. Suppose -5*v = 3*i - m, -5*v + 2*i + 0*i + 305 = 0. Let k = v + -9. What is the tens digit of k?
5
Suppose -3*h + 1241 + 1927 = 0. What is the hundreds digit of h?
0
Let d(c) be the second derivative of 25*c**4/12 + c**2/2 - 55*c. Let b = 0 - 1. What is the tens digit of d(b)?
2
Let i(k) = -k**2 + k. Let x be i(0). What is the units digit of (99 + x)/(-5 + 6)?
9
Let j = -58 - -61. Let h = 95 - 47. Suppose -h = -v - j*v. What is the tens digit of v?
1
Let r(x) = 3*x**3 + 16*x**2 + 5*x + 4. Let s be r(-8). Let a = 853 + s. What is the units digit of a?
5
Suppose -7*z - 2*f = -9*z + 116, 5*f = 4*z - 228. What is the units digit of z?
2
Let c(i) = 2*i - 9. Let k = -5 + 4. Let n be 1*6 - 1/k. What is the units digit of c(n)?
5
Let l(a) = 36*a**2 - 28*a + 18. What is the tens digit of l(10)?
3
Let q = 2336 - -2913. What is the tens digit of q?
4
What is the units digit of (-3463)/(-5) + (-40)/(-100)?
3
Let h be (-12)/(-5) - 2/5. Suppose -3*s + 29 = -2*f + f, h*s = -4*f - 46. What is the tens digit of 96/7 - 4/f?
1
Suppose -h + 8712 = h + 5*j, -3*j = 3*h - 13059. What is the units digit of h?
1
Let x = -21 + 25. Let d(o) = 3*o**2 - o + 12. What is the tens digit of d(x)?
5
Let f be (20 - 4) + -2 + -1. Let o = 28 - f. Suppose 2*p + 3*p = o. What is the units digit of p?
3
Let s = 123 + -81. What is the tens digit of ((-20)/(-6))/(2/s)?
7
Let p = -74 - -129. Let d = -23 + p. What is the tens digit of d?
3
Let y = 5982 - 3906. What is the units digit of y?
6
Let c = 1980 - 435. What is the units digit of c?
5
Suppose 7*k = 3*k. Let n be ((-36)/12)/(-1 + k). Suppose 66 - 27 = n*s. What is the tens digit of s?
1
Let k be (24/(-15))/(-4) + 39/15. Suppose 4*x - 2*x - k*y - 220 = 0, 5*x - 529 = -3*y. What is the units digit of x?
7
Let a(m) = m**3 - 4*m**2 - 5*m - 7. What is the tens digit of a(11)?
8
Suppose 0 = -2*z - 3*u + 508, 3 + 1 = -2*u. What is the tens digit of z?
5
Let h(g) be the third derivative of -g**4/12 - 4*g**3/3 + 6*g**2. Let y be h(-6). Suppose -y*t + 101 = 4*f + f, f = -t + 24. What is the tens digit of t?
1
What is the tens digit of 9468/(-27)*(-12)/16?
6
Let t(b) = b**2 - 2*b + 1. Let f be t(0). Let g(x) = -1 - f - 4*x - 3. What is the units digit of g(-9)?
1
Let y(x) = -x**2 + 3*x + 2. Let o be y(3). Suppose -o*s + 427 = c, 4*s - s - 4*c - 613 = 0. What is the units digit of s?
1
Let f be 120/(-18) + 1/(-3). Let n = f - -92. Suppose n = 2*s - 45. What is the units digit of s?
5
Suppose 3*w + 30 = -78. Let u = 96 + w. What is the tens digit of u?
6
Suppose -15*r - 383 = -11*r - 3*g, -g = 2*r + 189. Suppose -3*z + y - 4*y = -153, -z + 67 = -3*y. What is the tens digit of 44/z*r/(-2)?
3
Suppose 19*u - 6 = 16*u. Suppose -5*p + 143 = -4*n, 56 = 2*p + u*n - 4*n. What is the tens digit of p?
3
Suppose -57*d + 54*d + 42 = 0. What is the tens digit of d?
1
Let b(f) = -f**2 + 10 - 16*f + 23*f - 22*f. Let c = -34 + 21. What is the units digit of b(c)?
6
Suppose -5*t = 4*r - 2*r - 182, -2*r = -2*t + 70. Suppose 174 = 5*h - t. What is the units digit of h?
2
Let n = -129 - -233. Suppose -3*w = -5*w + n. What is the units digit of w?
2
What is the hundreds digit of -6 + 945 + 12 - -1?
9
Suppose -18*j + 37299 = -45609. What is the thousands digit of j?
4
Suppose 0 = s - 2 - 8. Let a be (12/(-10))/((-4)/s). Suppose -p + 9 = 4*w - 6, a*w = 3. What is the units digit of p?
1
Suppose -421 = -3*h + x + 1614, 4*h = -x + 272